t is the thousands digit of 7516?
7
What is the units digit of 952?
2
What is the units digit of 43946?
6
What is the hundreds digit of 115472?
4
What is the tens digit of 793?
9
What is the units digit of 193?
3
What is the thousands digit of 4694?
4
What is the hundreds digit of 5766?
7
What is the hundred thousands digit of 100107?
1
What is the hundreds digit of 246?
2
What is the units digit of 532?
2
What is the units digit of 12?
2
What is the units digit of 6853?
3
What is the hundreds digit of 781?
7
What is the units digit of 104317?
7
What is the units digit of 25331?
1
What is the hundreds digit of 2122?
1
What is the tens digit of 430?
3
What is the tens digit of 10455?
5
What is the ten thousands digit of 20402?
2
What is the thousands digit of 29846?
9
What is the hundreds digit of 455?
4
What is the hundreds digit of 88192?
1
What is the tens digit of 1457?
5
What is the units digit of 4310?
0
What is the hundreds digit of 3081?
0
What is the hundreds digit of 5496?
4
What is the thousands digit of 2144?
2
What is the units digit of 33113?
3
What is the hundreds digit of 1596?
5
What is the units digit of 4839?
9
What is the hundreds digit of 41783?
7
What is the hundreds digit of 31669?
6
What is the thousands digit of 1004?
1
What is the tens digit of 1562?
6
What is the hundreds digit of 38623?
6
What is the thousands digit of 1153?
1
What is the tens digit of 2319?
1
What is the hundreds digit of 12603?
6
What is the hundreds digit of 7046?
0
What is the units digit of 9637?
7
What is the thousands digit of 2831?
2
What is the tens digit of 137874?
7
What is the tens digit of 2340?
4
What is the units digit of 2847?
7
What is the units digit of 2986?
6
What is the thousands digit of 7829?
7
What is the tens digit of 23248?
4
What is the units digit of 2773?
3
What is the tens digit of 456?
5
What is the hundreds digit of 307?
3
What is the units digit of 115?
5
What is the thousands digit of 4533?
4
What is the units digit of 744?
4
What is the tens digit of 7365?
6
What is the units digit of 5873?
3
What is the tens digit of 536?
3
What is the hundreds digit of 187870?
8
What is the hundreds digit of 14347?
3
What is the units digit of 105697?
7
What is the ten thousands digit of 32769?
3
What is the hundreds digit of 1370?
3
What is the units digit of 5513?
3
What is the tens digit of 871?
7
What is the hundreds digit of 6956?
9
What is the tens digit of 66208?
0
What is the tens digit of 23872?
7
What is the thousands digit of 48366?
8
What is the hundreds digit of 5009?
0
What is the tens digit of 34019?
1
What is the tens digit of 395?
9
What is the thousands digit of 15023?
5
What is the thousands digit of 82792?
2
What is the hundreds digit of 1369?
3
What is the hundreds digit of 62131?
1
What is the thousands digit of 3894?
3
What is the thousands digit of 3813?
3
What is the hundreds digit of 22246?
2
What is the units digit of 3375?
5
What is the tens digit of 36155?
5
What is the units digit of 23619?
9
What is the thousands digit of 152573?
2
What is the hundreds digit of 995?
9
What is the tens digit of 1513?
1
What is the units digit of 1291?
1
What is the ten thousands digit of 187537?
8
What is the thousands digit of 15523?
5
What is the units digit of 9406?
6
What is the thousands digit of 3541?
3
What is the thousands digit of 51792?
1
What is the units digit of 177?
7
What is the units digit of 1423?
3
What is the thousands digit of 26427?
6
What is the hundreds digit of 24600?
6
What is the tens digit of 21254?
5
What is the tens digit of 9710?
1
What is the thousands digit of 2076?
2
What is the hundreds digit of 7586?
5
What is the thousands digit of 3777?
3
What is the units digit of 5884?
4
What is the units digit of 48313?
3
What is the tens digit of 1057?
5
What is the thousands digit of 18742?
8
What is the thousands digit of 2409?
2
What is the thousands digit of 2370?
2
What is the tens digit of 679?
7
What is the hundreds digit of 1434?
4
What is the ten thousands digit of 14815?
1
What is the tens digit of 130050?
5
What is the hundreds digit of 15160?
1
What is the units digit of 19888?
8
What is the hundreds digit of 853?
8
What is the thousands digit of 34142?
4
What is the hundreds digit of 5968?
9
What is the hundreds digit of 590?
5
What is the units digit of 15422?
2
What is the tens digit of 4213?
1
What is the thousands digit of 13631?
3
What is the tens digit of 566?
6
What is the thousands digit of 22818?
2
What is the units digit of 269?
9
What is the tens digit of 22003?
0
What is the thousands digit of 2074?
2
What is the thousands digit of 2459?
2
What is the units digit of 17727?
7
What is the units digit of 7255?
5
What is the ten thousands digit of 46819?
4
What is the thousands digit of 70076?
0
What is the units digit of 472?
2
What is the tens digit of 124?
2
What is the ten thousands digit of 33520?
3
What is the hundreds digit of 3435?
4
What is the units digit of 962?
2
What is the tens digit of 954?
5
What is the tens digit of 3073?
7
What is the units digit of 7510?
0
What is the tens digit of 5885?
8
What is the hundreds digit of 860?
8
What is the hundreds digit of 503?
5
What is the thousands digit of 3501?
3
What is the units digit of 31536?
6
What is the hundreds digit of 115?
1
What is the tens digit of 4019?
1
What is the hundreds digit of 106?
1
What is the units digit of 5624?
4
What is the hundreds digit of 383?
3
What is the tens digit of 3714?
1
What is the ten thousands digit of 11528?
1
What is the units digit of 14053?
3
What is the hundreds digit of 497?
4
What is the hundreds digit of 301?
3
What is the thousands digit of 3169?
3
What is the tens digit of 6075?
7
What is the thousands digit of 40956?
0
What is the hundreds digit of 3428?
4
What is the units digit of 4401?
1
What is the units digit of 64101?
1
What is the tens digit of 4523?
2
What is the hundreds digit of 55319?
3
What is the units digit of 366?
6
What is the hundreds digit of 5531?
5
What is the ten thousands digit of 20898?
2
What is the thousands digit of 12335?
2
What is the units digit of 3684?
4
What is the hundreds digit of 45120?
1
What is the tens digit of 1593?
9
What is the hundreds digit of 600?
6
What is the ten thousands digit of 45471?
4
What is the tens digit of 738?
3
What is the ten thousands digit of 46161?
4
What is the thousands digit of 1243?
1
What is the tens digit of 27185?
8
What is the tens digit of 21368?
6
What is the hundreds digit of 5458?
4
What is the units digit of 1193?
3
What is the units digit of 805?
5
What is the units digit of 2412?
2
What is the units digit of 116?
6
What is the units digit of 29389?
9
What is the tens digit of 31270?
7
What is the units digit of 32717?
7
What is the units digit of 3750?
0
What is the units digit of 34033?
3
What is the thousands digit of 6439?
6
What is the hundreds digit of 142403?
4
What is the units digit of 4055?
5
What is the tens digit of 25485?
8
What is the hundreds digit of 6110?
1
What is the thousands digit of 2502?
2
What is the thousands digit of 1354?
1
What is the units digit of 7592?
2
What is the ten thousands digit of 12711?
1
What is the units digit of 7893?
3
What is the hundreds digit of 842?
8
What is the units digit of 2250?
0
What is the tens digit of 2359?
5
What is the thousands digit of 4079?
4
What is the hundreds digit of 575?
5
What is the thousands digit of 48996?
8
What is the units digit of 322?
2
What is the thousands digit of 8858?
8
What is the ten thousands digit of 12168?
1
What is the ten thousands digit of 40261?
4
What is the units digit of 31920?
0
What is the hundreds digit of 628?
6
What is the thousands digit of 6289?
6
What is the tens digit of 7153?
5
What is the hundreds digit of 1380?
3
What is the tens digit of 11537?
3
What is the thousands digit of 34826?
4
What is the units digit of 912?
2
What is the ten thousands digit of 160608?
6
What is the tens digit of 85746?
4
What is the hundreds digit of 479?
4
What is the hundreds digit of 4435?
4
What is the units digit of 1143?
3
What is the tens digit of 484?
8
What is the thousands digit of 8642?
8
What is the hundreds digit of 1030?
0
What is the hundreds digit of 10448?
4
What is the tens digit of 2809